{"id":7051,"date":"2024-05-25T16:10:34","date_gmt":"2024-05-25T15:10:34","guid":{"rendered":"https:\/\/www.casagalega.com\/wp_cgh\/?page_id=7051"},"modified":"2025-11-13T16:40:10","modified_gmt":"2025-11-13T15:40:10","slug":"andares","status":"publish","type":"page","link":"https:\/\/www.casagalega.com\/wp_cgh\/concursos-y-eventos\/andares\/","title":{"rendered":"Proyecto Andares"},"content":{"rendered":"\n<p>Por todas y para todas las personas que mantienen viva nuestra tradici\u00f3n, nace:<\/p>\n\n\n<div class=\"wp-block-image\">\n<figure class=\"aligncenter size-full is-resized\"><img loading=\"lazy\" decoding=\"async\" width=\"726\" height=\"212\" src=\"https:\/\/www.casagalega.com\/wp_cgh\/wp-content\/uploads\/Web-Uploads-Puntuales\/image.png\" alt=\"\" class=\"wp-image-7548\" style=\"width:568px;height:auto\" srcset=\"https:\/\/www.casagalega.com\/wp_cgh\/wp-content\/uploads\/Web-Uploads-Puntuales\/image.png 726w, https:\/\/www.casagalega.com\/wp_cgh\/wp-content\/uploads\/Web-Uploads-Puntuales\/image-300x88.png 300w, https:\/\/www.casagalega.com\/wp_cgh\/wp-content\/uploads\/Web-Uploads-Puntuales\/image-150x44.png 150w\" sizes=\"auto, (max-width: 726px) 100vw, 726px\" \/><\/figure>\n<\/div>\n\n\n<p>Coincidiendo con el<a href=\"https:\/\/ich.unesco.org\/es\/dia-internacional-patrimonio-cultural-inmaterial\" target=\"_blank\" rel=\"noreferrer noopener\"> Primer D\u00eda internacional del Patrimonio Cultural Inmateria<\/a>l declarado por la <a href=\"https:\/\/www.unesco.org\/es\/articles\/la-unesco-ayuda-las-futuras-generaciones-salvaguardar-el-patrimonio-cultural-inmaterial?hub=413\" target=\"_blank\" rel=\"noreferrer noopener\">Unesco<\/a> el 17 de Octubre de 2024.<\/p>\n\n\n\n<div class=\"wp-block-cover is-light has-black-color has-text-color has-link-color wp-elements-1c523e5a8ece2c5352d25c0297444adc\"><img loading=\"lazy\" decoding=\"async\" width=\"828\" height=\"931\" class=\"wp-block-cover__image-background wp-image-7516\" alt=\"\" src=\"https:\/\/www.casagalega.com\/wp_cgh\/wp-content\/uploads\/Web-Uploads-Puntuales\/WhatsApp-Image-2024-10-02-at-21.59.55.jpeg\" data-object-fit=\"cover\" srcset=\"https:\/\/www.casagalega.com\/wp_cgh\/wp-content\/uploads\/Web-Uploads-Puntuales\/WhatsApp-Image-2024-10-02-at-21.59.55.jpeg 828w, https:\/\/www.casagalega.com\/wp_cgh\/wp-content\/uploads\/Web-Uploads-Puntuales\/WhatsApp-Image-2024-10-02-at-21.59.55-267x300.jpeg 267w, https:\/\/www.casagalega.com\/wp_cgh\/wp-content\/uploads\/Web-Uploads-Puntuales\/WhatsApp-Image-2024-10-02-at-21.59.55-133x150.jpeg 133w, https:\/\/www.casagalega.com\/wp_cgh\/wp-content\/uploads\/Web-Uploads-Puntuales\/WhatsApp-Image-2024-10-02-at-21.59.55-768x864.jpeg 768w\" sizes=\"auto, (max-width: 828px) 100vw, 828px\" \/><span aria-hidden=\"true\" class=\"wp-block-cover__background has-white-background-color has-background-dim-70 has-background-dim\"><\/span><div class=\"wp-block-cover__inner-container is-layout-constrained wp-block-cover-is-layout-constrained\">\n<div style=\"height:37px\" aria-hidden=\"true\" class=\"wp-block-spacer\"><\/div>\n\n\n\n<p class=\"has-text-align-center\"><strong>La m\u00fasica tradicional ha existido siempre, y contin\u00faa existiendo gracias al trabajo de recuperaci\u00f3n que han hecho entidades, investigadores, cantareiras y miles de personas an\u00f3nimas que han recogido los cantos, bailes y musicas tradicionales, transmitida de generaci\u00f3n en generaci\u00f3n hasta nuestros d\u00edas. Nosotros somos un eslab\u00f3n m\u00e1s de esta cadena, que mira al futuro con optimismo<\/strong>.<\/p>\n\n\n\n<div style=\"height:31px\" aria-hidden=\"true\" class=\"wp-block-spacer\"><\/div>\n\n\n\n<figure class=\"wp-block-embed is-type-video is-provider-youtube wp-block-embed-youtube wp-embed-aspect-16-9 wp-has-aspect-ratio\"><div class=\"wp-block-embed__wrapper\">\n<iframe loading=\"lazy\" title=\"ANDARES  &quot;Vuestra Tradici\u00f3n, nuestra Eternidad&quot;\" width=\"1140\" height=\"641\" src=\"https:\/\/www.youtube.com\/embed\/2J8ipdMqAxE?feature=oembed\" frameborder=\"0\" allow=\"accelerometer; autoplay; clipboard-write; encrypted-media; gyroscope; picture-in-picture; web-share\" referrerpolicy=\"strict-origin-when-cross-origin\" allowfullscreen><\/iframe>\n<\/div><\/figure>\n\n\n\n<figure class=\"wp-block-embed is-type-video is-provider-youtube wp-block-embed-youtube wp-embed-aspect-16-9 wp-has-aspect-ratio\"><div class=\"wp-block-embed__wrapper\">\n<iframe loading=\"lazy\" title=\"ANDARES &quot;Vuestra tradici\u00f3n, nuestra eternidad&quot;\" width=\"1140\" height=\"641\" src=\"https:\/\/www.youtube.com\/embed\/qzKjT9CNqQI?feature=oembed\" frameborder=\"0\" allow=\"accelerometer; autoplay; clipboard-write; encrypted-media; gyroscope; picture-in-picture; web-share\" referrerpolicy=\"strict-origin-when-cross-origin\" allowfullscreen><\/iframe>\n<\/div><\/figure>\n\n\n\n<div style=\"height:1px\" aria-hidden=\"true\" class=\"wp-block-spacer\"><\/div>\n<\/div><\/div>\n\n\n\n<p>Participantes:<\/p>\n\n\n<div class=\"wp-block-image\">\n<figure class=\"aligncenter size-large is-resized\"><img loading=\"lazy\" decoding=\"async\" width=\"1024\" height=\"521\" src=\"https:\/\/www.casagalega.com\/wp_cgh\/wp-content\/uploads\/Web-Uploads-Puntuales\/logos-hospi-andares-v2-1024x521.png\" alt=\"\" class=\"wp-image-7528\" style=\"width:297px;height:auto\" srcset=\"https:\/\/www.casagalega.com\/wp_cgh\/wp-content\/uploads\/Web-Uploads-Puntuales\/logos-hospi-andares-v2-1024x521.png 1024w, https:\/\/www.casagalega.com\/wp_cgh\/wp-content\/uploads\/Web-Uploads-Puntuales\/logos-hospi-andares-v2-300x153.png 300w, https:\/\/www.casagalega.com\/wp_cgh\/wp-content\/uploads\/Web-Uploads-Puntuales\/logos-hospi-andares-v2-150x76.png 150w, https:\/\/www.casagalega.com\/wp_cgh\/wp-content\/uploads\/Web-Uploads-Puntuales\/logos-hospi-andares-v2-768x391.png 768w, https:\/\/www.casagalega.com\/wp_cgh\/wp-content\/uploads\/Web-Uploads-Puntuales\/logos-hospi-andares-v2-1536x781.png 1536w, https:\/\/www.casagalega.com\/wp_cgh\/wp-content\/uploads\/Web-Uploads-Puntuales\/logos-hospi-andares-v2-2048x1041.png 2048w\" sizes=\"auto, (max-width: 1024px) 100vw, 1024px\" \/><\/figure>\n<\/div>\n\n\n<p><\/p>\n","protected":false},"excerpt":{"rendered":"<p>Por todas y para todas las personas que mantienen viva nuestra tradici\u00f3n, nace: Coincidiendo con el Primer D\u00eda internacional del&hellip;<\/p>\n","protected":false},"author":1,"featured_media":0,"parent":64,"menu_order":2,"comment_status":"closed","ping_status":"closed","template":"","meta":{"ngg_post_thumbnail":0,"footnotes":""},"class_list":["post-7051","page","type-page","status-publish","hentry"],"_links":{"self":[{"href":"https:\/\/www.casagalega.com\/wp_cgh\/wp-json\/wp\/v2\/pages\/7051","targetHints":{"allow":["GET"]}}],"collection":[{"href":"https:\/\/www.casagalega.com\/wp_cgh\/wp-json\/wp\/v2\/pages"}],"about":[{"href":"https:\/\/www.casagalega.com\/wp_cgh\/wp-json\/wp\/v2\/types\/page"}],"author":[{"embeddable":true,"href":"https:\/\/www.casagalega.com\/wp_cgh\/wp-json\/wp\/v2\/users\/1"}],"replies":[{"embeddable":true,"href":"https:\/\/www.casagalega.com\/wp_cgh\/wp-json\/wp\/v2\/comments?post=7051"}],"version-history":[{"count":18,"href":"https:\/\/www.casagalega.com\/wp_cgh\/wp-json\/wp\/v2\/pages\/7051\/revisions"}],"predecessor-version":[{"id":7827,"href":"https:\/\/www.casagalega.com\/wp_cgh\/wp-json\/wp\/v2\/pages\/7051\/revisions\/7827"}],"up":[{"embeddable":true,"href":"https:\/\/www.casagalega.com\/wp_cgh\/wp-json\/wp\/v2\/pages\/64"}],"wp:attachment":[{"href":"https:\/\/www.casagalega.com\/wp_cgh\/wp-json\/wp\/v2\/media?parent=7051"}],"curies":[{"name":"wp","href":"https:\/\/api.w.org\/{rel}","templated":true}]}}

<p>Por todas y para todas las personas que mantienen viva nuestra tradición, nace:</p>


<div class="wp-block-image">
<figure class="aligncenter size-full is-resized"><img loading="lazy" decoding="async" width="726" height="212" src="https://www.casagalega.com/wp_cgh/wp-content/uploads/Web-Uploads-Puntuales/image.png" alt="" class="wp-image-7548" style="width:568px;height:auto" srcset="https://www.casagalega.com/wp_cgh/wp-content/uploads/Web-Uploads-Puntuales/image.png 726w, https://www.casagalega.com/wp_cgh/wp-content/uploads/Web-Uploads-Puntuales/image-300x88.png 300w, https://www.casagalega.com/wp_cgh/wp-content/uploads/Web-Uploads-Puntuales/image-150x44.png 150w" sizes="auto, (max-width: 726px) 100vw, 726px" /></figure>
</div>


<p>Coincidiendo con el<a href="https://ich.unesco.org/es/dia-internacional-patrimonio-cultural-inmaterial" target="_blank" rel="noreferrer noopener"> Primer Día internacional del Patrimonio Cultural Inmateria</a>l declarado por la <a href="https://www.unesco.org/es/articles/la-unesco-ayuda-las-futuras-generaciones-salvaguardar-el-patrimonio-cultural-inmaterial?hub=413" target="_blank" rel="noreferrer noopener">Unesco</a> el 17 de Octubre de 2024.</p>



<div class="wp-block-cover is-light has-black-color has-text-color has-link-color wp-elements-1c523e5a8ece2c5352d25c0297444adc"><img loading="lazy" decoding="async" width="828" height="931" class="wp-block-cover__image-background wp-image-7516" alt="" src="https://www.casagalega.com/wp_cgh/wp-content/uploads/Web-Uploads-Puntuales/WhatsApp-Image-2024-10-02-at-21.59.55.jpeg" data-object-fit="cover" srcset="https://www.casagalega.com/wp_cgh/wp-content/uploads/Web-Uploads-Puntuales/WhatsApp-Image-2024-10-02-at-21.59.55.jpeg 828w, https://www.casagalega.com/wp_cgh/wp-content/uploads/Web-Uploads-Puntuales/WhatsApp-Image-2024-10-02-at-21.59.55-267x300.jpeg 267w, https://www.casagalega.com/wp_cgh/wp-content/uploads/Web-Uploads-Puntuales/WhatsApp-Image-2024-10-02-at-21.59.55-133x150.jpeg 133w, https://www.casagalega.com/wp_cgh/wp-content/uploads/Web-Uploads-Puntuales/WhatsApp-Image-2024-10-02-at-21.59.55-768x864.jpeg 768w" sizes="auto, (max-width: 828px) 100vw, 828px" /><span aria-hidden="true" class="wp-block-cover__background has-white-background-color has-background-dim-70 has-background-dim"></span><div class="wp-block-cover__inner-container is-layout-constrained wp-block-cover-is-layout-constrained">
<div style="height:37px" aria-hidden="true" class="wp-block-spacer"></div>



<p class="has-text-align-center"><strong>La música tradicional ha existido siempre, y continúa existiendo gracias al trabajo de recuperación que han hecho entidades, investigadores, cantareiras y miles de personas anónimas que han recogido los cantos, bailes y musicas tradicionales, transmitida de generación en generación hasta nuestros días. Nosotros somos un eslabón más de esta cadena, que mira al futuro con optimismo</strong>.</p>



<div style="height:31px" aria-hidden="true" class="wp-block-spacer"></div>



<figure class="wp-block-embed is-type-video is-provider-youtube wp-block-embed-youtube wp-embed-aspect-16-9 wp-has-aspect-ratio"><div class="wp-block-embed__wrapper">
<iframe loading="lazy" title="ANDARES  &quot;Vuestra Tradición, nuestra Eternidad&quot;" width="1140" height="641" src="https://www.youtube.com/embed/2J8ipdMqAxE?feature=oembed" frameborder="0" allow="accelerometer; autoplay; clipboard-write; encrypted-media; gyroscope; picture-in-picture; web-share" referrerpolicy="strict-origin-when-cross-origin" allowfullscreen></iframe>
</div></figure>



<figure class="wp-block-embed is-type-video is-provider-youtube wp-block-embed-youtube wp-embed-aspect-16-9 wp-has-aspect-ratio"><div class="wp-block-embed__wrapper">
<iframe loading="lazy" title="ANDARES &quot;Vuestra tradición, nuestra eternidad&quot;" width="1140" height="641" src="https://www.youtube.com/embed/qzKjT9CNqQI?feature=oembed" frameborder="0" allow="accelerometer; autoplay; clipboard-write; encrypted-media; gyroscope; picture-in-picture; web-share" referrerpolicy="strict-origin-when-cross-origin" allowfullscreen></iframe>
</div></figure>



<div style="height:1px" aria-hidden="true" class="wp-block-spacer"></div>
</div></div>



<p>Participantes:</p>


<div class="wp-block-image">
<figure class="aligncenter size-large is-resized"><img loading="lazy" decoding="async" width="1024" height="521" src="https://www.casagalega.com/wp_cgh/wp-content/uploads/Web-Uploads-Puntuales/logos-hospi-andares-v2-1024x521.png" alt="" class="wp-image-7528" style="width:297px;height:auto" srcset="https://www.casagalega.com/wp_cgh/wp-content/uploads/Web-Uploads-Puntuales/logos-hospi-andares-v2-1024x521.png 1024w, https://www.casagalega.com/wp_cgh/wp-content/uploads/Web-Uploads-Puntuales/logos-hospi-andares-v2-300x153.png 300w, https://www.casagalega.com/wp_cgh/wp-content/uploads/Web-Uploads-Puntuales/logos-hospi-andares-v2-150x76.png 150w, https://www.casagalega.com/wp_cgh/wp-content/uploads/Web-Uploads-Puntuales/logos-hospi-andares-v2-768x391.png 768w, https://www.casagalega.com/wp_cgh/wp-content/uploads/Web-Uploads-Puntuales/logos-hospi-andares-v2-1536x781.png 1536w, https://www.casagalega.com/wp_cgh/wp-content/uploads/Web-Uploads-Puntuales/logos-hospi-andares-v2-2048x1041.png 2048w" sizes="auto, (max-width: 1024px) 100vw, 1024px" /></figure>
</div>


<p></p>

<p>Por todas y para todas las personas que mantienen viva nuestra tradición, nace: Coincidiendo con el Primer Día internacional del&hellip;</p>
