{"id":6564,"date":"2022-10-04T00:01:01","date_gmt":"2022-10-03T23:01:01","guid":{"rendered":"https:\/\/www.casagalega.com\/wp_cgh\/?page_id=6564"},"modified":"2025-11-13T16:39:10","modified_gmt":"2025-11-13T15:39:10","slug":"2021-2","status":"publish","type":"page","link":"https:\/\/www.casagalega.com\/wp_cgh\/san-iago\/2021-2\/","title":{"rendered":"2021"},"content":{"rendered":"\n<p>La primera fiesta de San Iago despu\u00e9s de la pandemia de Covid del 2020 se celebr\u00f3 por todo lo alto con la actuaci\u00f3n de Carlos Nu\u00f1ez y toco con las m\u00e1ximas medidas de seguridad disponibles. Tambi\u00e9n contamos con las colaboraciones de <a href=\"https:\/\/www.xiscofeijoo.com\/\" target=\"_blank\" rel=\"noreferrer noopener\">Xisco Feij\u00f3 <\/a>y <a href=\"https:\/\/seisporoito.gal\/es\/\" target=\"_blank\" rel=\"noreferrer noopener\">Artur Puga<\/a>. Gracias!<\/p>\n\n\n\n<p>Pr\u00f3ximamente pondremos m\u00e1s informaci\u00f3n. <\/p>\n\n\n\nngg_shortcode_0_placeholder\n","protected":false},"excerpt":{"rendered":"<p>La primera fiesta de San Iago despu\u00e9s de la pandemia de Covid del 2020 se celebr\u00f3 por todo lo alto&hellip;<\/p>\n","protected":false},"author":1,"featured_media":0,"parent":125,"menu_order":6,"comment_status":"closed","ping_status":"closed","template":"","meta":{"ngg_post_thumbnail":0,"footnotes":""},"class_list":["post-6564","page","type-page","status-publish","hentry"],"_links":{"self":[{"href":"https:\/\/www.casagalega.com\/wp_cgh\/wp-json\/wp\/v2\/pages\/6564","targetHints":{"allow":["GET"]}}],"collection":[{"href":"https:\/\/www.casagalega.com\/wp_cgh\/wp-json\/wp\/v2\/pages"}],"about":[{"href":"https:\/\/www.casagalega.com\/wp_cgh\/wp-json\/wp\/v2\/types\/page"}],"author":[{"embeddable":true,"href":"https:\/\/www.casagalega.com\/wp_cgh\/wp-json\/wp\/v2\/users\/1"}],"replies":[{"embeddable":true,"href":"https:\/\/www.casagalega.com\/wp_cgh\/wp-json\/wp\/v2\/comments?post=6564"}],"version-history":[{"count":6,"href":"https:\/\/www.casagalega.com\/wp_cgh\/wp-json\/wp\/v2\/pages\/6564\/revisions"}],"predecessor-version":[{"id":7595,"href":"https:\/\/www.casagalega.com\/wp_cgh\/wp-json\/wp\/v2\/pages\/6564\/revisions\/7595"}],"up":[{"embeddable":true,"href":"https:\/\/www.casagalega.com\/wp_cgh\/wp-json\/wp\/v2\/pages\/125"}],"wp:attachment":[{"href":"https:\/\/www.casagalega.com\/wp_cgh\/wp-json\/wp\/v2\/media?parent=6564"}],"curies":[{"name":"wp","href":"https:\/\/api.w.org\/{rel}","templated":true}]}}

<p>La primera fiesta de San Iago después de la pandemia de Covid del 2020 se celebró por todo lo alto con la actuación de Carlos Nuñez y toco con las máximas medidas de seguridad disponibles. También contamos con las colaboraciones de <a href="https://www.xiscofeijoo.com/" target="_blank" rel="noreferrer noopener">Xisco Feijó </a>y <a href="https://seisporoito.gal/es/" target="_blank" rel="noreferrer noopener">Artur Puga</a>. Gracias!</p>



<p>Próximamente pondremos más información. </p>



ngg_shortcode_0_placeholder

<p>La primera fiesta de San Iago después de la pandemia de Covid del 2020 se celebró por todo lo alto&hellip;</p>
