{"id":64,"date":"2011-11-06T13:46:21","date_gmt":"2011-11-06T12:46:21","guid":{"rendered":"http:\/\/www.casagalega.com\/wp_cgh\/?page_id=64"},"modified":"2025-04-16T12:07:35","modified_gmt":"2025-04-16T11:07:35","slug":"concursos-y-eventos","status":"publish","type":"page","link":"https:\/\/www.casagalega.com\/wp_cgh\/concursos-y-eventos\/","title":{"rendered":"Eventos"},"content":{"rendered":"<p><strong>Casa Galega de L\u2019Hospitalet<\/strong>&nbsp;participa y colabora en diversos eventos a lo largo del a\u00f1o. Algunos de ellos requieren una gran preparaci\u00f3n, mientras que otros ya son tradicionales, como el Concurso de Baile de Xacarandaina y la Liga de Bandas de Gaitas.<\/p>\n<p>Desde el a\u00f1o 2000, hemos actuado en numerosos escenarios de Catalu\u00f1a y Galicia, y tambi\u00e9n en lugares internacionales como Glasgow, Nueva York y la Ciudad del Vaticano en Roma. Explora nuestras diferentes secciones y revive estas experiencias con nosotros.<\/p>\n\n\n<p>En 2020, en plena pandemia de COVID-19, Casa Galega present\u00f3 un nuevo espect\u00e1culo en el Liceo de Barcelona llamado <strong><a href=\"https:\/\/www.casagalega.com\/wp_cgh\/dous-mundos\/\">Dous Mundos<\/a><\/strong>. <\/p>\n\n\n\n<p>Siguiendo esta l\u00ednea, en 2024 estrenamos\u00a0 <strong><a href=\"https:\/\/www.casagalega.com\/wp_cgh\/concursos-y-eventos\/andares\/\">Andares<\/a><\/strong>, , coincidiendo con el Primer D\u00eda Internacional del Patrimonio Cultural Inmaterial, declarado por la UNESCO el 17 de octubre de 2024.<\/p>\n\n\n\n<p><\/p>\n\n\n\n<p><p style=\"text-align: center;\">Sigue la presentaci\u00f3n Dous Mundos en:<\/p> <div class=\"css-901oao css-bfa6kz r-m0bqgq r-18u37iz r-1qd0xha r-a023e6 r-16dba41 r-ad9z0x r-bcqeeo r-qvutc0\" dir=\"ltr\" style=\"text-align: center;\"><span class=\"css-901oao css-16my406 r-1qd0xha r-ad9z0x r-bcqeeo r-qvutc0\"><a rel=\"noopener noreferrer\" href=\"https:\/\/twitter.com\/casagalega\" target=\"_blank\">Twitter: @casagalega<\/a> \/ <a rel=\"noopener noreferrer\" href=\"https:\/\/www.instagram.com\/casagalega_hosp\/?hl=es\" target=\"_blank\">Instagram: casagalega_hosp<\/a><\/span><\/div> <p style=\"text-align: center;\"><iframe loading=\"lazy\" src=\"https:\/\/www.youtube.com\/embed\/Bm7OxSGApSY\" width=\"540\" height=\"320\" frameborder=\"0\" allowfullscreen=\"allowfullscreen\">&lt;\/p><\/iframe><\/p><\/p>\n","protected":false},"excerpt":{"rendered":"<p>Casa Galega de L\u2019Hospitalet&nbsp;participa y colabora en diversos eventos a lo largo del a\u00f1o. Algunos de ellos requieren una gran&hellip;<\/p>\n","protected":false},"author":1,"featured_media":0,"parent":0,"menu_order":15,"comment_status":"closed","ping_status":"closed","template":"","meta":{"ngg_post_thumbnail":0,"footnotes":""},"class_list":["post-64","page","type-page","status-publish","hentry"],"_links":{"self":[{"href":"https:\/\/www.casagalega.com\/wp_cgh\/wp-json\/wp\/v2\/pages\/64","targetHints":{"allow":["GET"]}}],"collection":[{"href":"https:\/\/www.casagalega.com\/wp_cgh\/wp-json\/wp\/v2\/pages"}],"about":[{"href":"https:\/\/www.casagalega.com\/wp_cgh\/wp-json\/wp\/v2\/types\/page"}],"author":[{"embeddable":true,"href":"https:\/\/www.casagalega.com\/wp_cgh\/wp-json\/wp\/v2\/users\/1"}],"replies":[{"embeddable":true,"href":"https:\/\/www.casagalega.com\/wp_cgh\/wp-json\/wp\/v2\/comments?post=64"}],"version-history":[{"count":31,"href":"https:\/\/www.casagalega.com\/wp_cgh\/wp-json\/wp\/v2\/pages\/64\/revisions"}],"predecessor-version":[{"id":7615,"href":"https:\/\/www.casagalega.com\/wp_cgh\/wp-json\/wp\/v2\/pages\/64\/revisions\/7615"}],"wp:attachment":[{"href":"https:\/\/www.casagalega.com\/wp_cgh\/wp-json\/wp\/v2\/media?parent=64"}],"curies":[{"name":"wp","href":"https:\/\/api.w.org\/{rel}","templated":true}]}}

<p><strong>Casa Galega de L’Hospitalet</strong>&nbsp;participa y colabora en diversos eventos a lo largo del año. Algunos de ellos requieren una gran preparación, mientras que otros ya son tradicionales, como el Concurso de Baile de Xacarandaina y la Liga de Bandas de Gaitas.</p>
<p>Desde el año 2000, hemos actuado en numerosos escenarios de Cataluña y Galicia, y también en lugares internacionales como Glasgow, Nueva York y la Ciudad del Vaticano en Roma. Explora nuestras diferentes secciones y revive estas experiencias con nosotros.</p>


<p>En 2020, en plena pandemia de COVID-19, Casa Galega presentó un nuevo espectáculo en el Liceo de Barcelona llamado <strong><a href="https://www.casagalega.com/wp_cgh/dous-mundos/">Dous Mundos</a></strong>. </p>



<p>Siguiendo esta línea, en 2024 estrenamos  <strong><a href="https://www.casagalega.com/wp_cgh/concursos-y-eventos/andares/">Andares</a></strong>, , coincidiendo con el Primer Día Internacional del Patrimonio Cultural Inmaterial, declarado por la UNESCO el 17 de octubre de 2024.</p>



<p></p>



<p><p style="text-align: center;">Sigue la presentación Dous Mundos en:</p> <div class="css-901oao css-bfa6kz r-m0bqgq r-18u37iz r-1qd0xha r-a023e6 r-16dba41 r-ad9z0x r-bcqeeo r-qvutc0" dir="ltr" style="text-align: center;"><span class="css-901oao css-16my406 r-1qd0xha r-ad9z0x r-bcqeeo r-qvutc0"><a rel="noopener noreferrer" href="https://twitter.com/casagalega" target="_blank">Twitter: @casagalega</a> / <a rel="noopener noreferrer" href="https://www.instagram.com/casagalega_hosp/?hl=es" target="_blank">Instagram: casagalega_hosp</a></span></div> <p style="text-align: center;"><iframe loading="lazy" src="https://www.youtube.com/embed/Bm7OxSGApSY" width="540" height="320" frameborder="0" allowfullscreen="allowfullscreen">&lt;/p></iframe></p></p>

<p>Casa Galega de L’Hospitalet&nbsp;participa y colabora en diversos eventos a lo largo del año. Algunos de ellos requieren una gran&hellip;</p>
