{"id":6335,"date":"2021-04-28T00:00:14","date_gmt":"2021-04-27T23:00:14","guid":{"rendered":"https:\/\/www.casagalega.com\/wp_cgh\/?page_id=6335"},"modified":"2026-01-15T08:25:21","modified_gmt":"2026-01-15T07:25:21","slug":"anno-giubilare-2016-xuntanza","status":"publish","type":"page","link":"https:\/\/www.casagalega.com\/wp_cgh\/concursos-y-eventos\/anno-giubilare-2016-xuntanza\/","title":{"rendered":"Xuntanza &#8211; Anno Giubilare"},"content":{"rendered":"\n<p>El 13 de marzo de 2015, el Papa Francisco proclam\u00f3 un <a href=\"https:\/\/it.wikipedia.org\/wiki\/Giubileo_straordinario_della_misericordia\" target=\"_blank\" rel=\"noreferrer noopener\">Jubileo<\/a> extraordinario de la Misericordia, con motivo del 50 aniversario del cierre del Concilio Vaticano II. Este A\u00f1o Santo comenz\u00f3 el 8 de diciembre de 2015 y concluy\u00f3 el 20 de noviembre de 2016. Fue una celebraci\u00f3n profundamente simb\u00f3lica, centrada en el perd\u00f3n, la reconciliaci\u00f3n y la apertura de la Iglesia al mundo.<\/p>\n\n\n\n<p>En este contexto, el 10 de septiembre de 2016, <strong><a href=\"https:\/\/www.xuntanzacatalunya.com\/\" target=\"_blank\" rel=\"noreferrer noopener\">Xuntanza de Catalunya<\/a><\/strong>, junto con nuestros compa\u00f1eros y amigos de <strong><a href=\"https:\/\/www.facebook.com\/sonsdelacossetania.tarragona\/?locale=ca_ES\" target=\"_blank\" rel=\"noreferrer noopener\">Sons de la Cosset\u00e0nia<\/a><\/strong> (Tarragona), tuvimos el honor de participar en una de las misas solemnes celebradas en Roma con motivo del Anno Giubilare.<\/p>\n\n\n\n<p>A 21 Abril de 2025, esta experiencia cobra un significado a\u00fan m\u00e1s profundo al recordarla como un peque\u00f1o homenaje al legado espiritual y humano del Papa Francisco, recientemente fallecido. Su mensaje de misericordia y fraternidad sigue inspirando a millones de personas en todo el mundo, y para nosotros fue un privilegio formar parte, aunque humildemente, de este momento hist\u00f3rico de su pontificado.<\/p>\n\n\n\n<p style=\"text-align: center;\"><iframe loading=\"lazy\" src=\"https:\/\/www.youtube.com\/embed\/3AtXdpLRiO0\" width=\"560\" height=\"315\" frameborder=\"0\" allowfullscreen=\"allowfullscreen\"><\/iframe><\/p>\n<p>&nbsp;<\/p>\n\n\n\n<p style=\"text-align: center;\"><iframe loading=\"lazy\" src=\"https:\/\/www.youtube.com\/embed\/kdwmfycYaj4\" width=\"560\" height=\"315\" frameborder=\"0\" allowfullscreen=\"allowfullscreen\"><\/iframe><\/p>\n<p>&nbsp;<\/p>\n\n\n\nngg_shortcode_0_placeholder\n","protected":false},"excerpt":{"rendered":"<p>El 13 de marzo de 2015, el Papa Francisco proclam\u00f3 un Jubileo extraordinario de la Misericordia, con motivo del 50&hellip;<\/p>\n","protected":false},"author":1,"featured_media":0,"parent":64,"menu_order":7,"comment_status":"closed","ping_status":"closed","template":"","meta":{"ngg_post_thumbnail":0,"footnotes":""},"class_list":["post-6335","page","type-page","status-publish","hentry"],"_links":{"self":[{"href":"https:\/\/www.casagalega.com\/wp_cgh\/wp-json\/wp\/v2\/pages\/6335","targetHints":{"allow":["GET"]}}],"collection":[{"href":"https:\/\/www.casagalega.com\/wp_cgh\/wp-json\/wp\/v2\/pages"}],"about":[{"href":"https:\/\/www.casagalega.com\/wp_cgh\/wp-json\/wp\/v2\/types\/page"}],"author":[{"embeddable":true,"href":"https:\/\/www.casagalega.com\/wp_cgh\/wp-json\/wp\/v2\/users\/1"}],"replies":[{"embeddable":true,"href":"https:\/\/www.casagalega.com\/wp_cgh\/wp-json\/wp\/v2\/comments?post=6335"}],"version-history":[{"count":12,"href":"https:\/\/www.casagalega.com\/wp_cgh\/wp-json\/wp\/v2\/pages\/6335\/revisions"}],"predecessor-version":[{"id":7896,"href":"https:\/\/www.casagalega.com\/wp_cgh\/wp-json\/wp\/v2\/pages\/6335\/revisions\/7896"}],"up":[{"embeddable":true,"href":"https:\/\/www.casagalega.com\/wp_cgh\/wp-json\/wp\/v2\/pages\/64"}],"wp:attachment":[{"href":"https:\/\/www.casagalega.com\/wp_cgh\/wp-json\/wp\/v2\/media?parent=6335"}],"curies":[{"name":"wp","href":"https:\/\/api.w.org\/{rel}","templated":true}]}}

<p>El 13 de marzo de 2015, el Papa Francisco proclamó un <a href="https://it.wikipedia.org/wiki/Giubileo_straordinario_della_misericordia" target="_blank" rel="noreferrer noopener">Jubileo</a> extraordinario de la Misericordia, con motivo del 50 aniversario del cierre del Concilio Vaticano II. Este Año Santo comenzó el 8 de diciembre de 2015 y concluyó el 20 de noviembre de 2016. Fue una celebración profundamente simbólica, centrada en el perdón, la reconciliación y la apertura de la Iglesia al mundo.</p>



<p>En este contexto, el 10 de septiembre de 2016, <strong><a href="https://www.xuntanzacatalunya.com/" target="_blank" rel="noreferrer noopener">Xuntanza de Catalunya</a></strong>, junto con nuestros compañeros y amigos de <strong><a href="https://www.facebook.com/sonsdelacossetania.tarragona/?locale=ca_ES" target="_blank" rel="noreferrer noopener">Sons de la Cossetània</a></strong> (Tarragona), tuvimos el honor de participar en una de las misas solemnes celebradas en Roma con motivo del Anno Giubilare.</p>



<p>A 21 Abril de 2025, esta experiencia cobra un significado aún más profundo al recordarla como un pequeño homenaje al legado espiritual y humano del Papa Francisco, recientemente fallecido. Su mensaje de misericordia y fraternidad sigue inspirando a millones de personas en todo el mundo, y para nosotros fue un privilegio formar parte, aunque humildemente, de este momento histórico de su pontificado.</p>



<p style="text-align: center;"><iframe loading="lazy" src="https://www.youtube.com/embed/3AtXdpLRiO0" width="560" height="315" frameborder="0" allowfullscreen="allowfullscreen"></iframe></p>
<p>&nbsp;</p>



<p style="text-align: center;"><iframe loading="lazy" src="https://www.youtube.com/embed/kdwmfycYaj4" width="560" height="315" frameborder="0" allowfullscreen="allowfullscreen"></iframe></p>
<p>&nbsp;</p>



ngg_shortcode_0_placeholder

<p>El 13 de marzo de 2015, el Papa Francisco proclamó un Jubileo extraordinario de la Misericordia, con motivo del 50&hellip;</p>
