{"id":6333,"date":"2021-04-27T23:54:22","date_gmt":"2021-04-27T22:54:22","guid":{"rendered":"https:\/\/www.casagalega.com\/wp_cgh\/?page_id=6333"},"modified":"2026-01-15T08:23:31","modified_gmt":"2026-01-15T07:23:31","slug":"st-patrick-2017-xuntanza","status":"publish","type":"page","link":"https:\/\/www.casagalega.com\/wp_cgh\/concursos-y-eventos\/st-patrick-2017-xuntanza\/","title":{"rendered":"Xuntanza &#8211; St.Patrick Day"},"content":{"rendered":"\n<p>El <a href=\"https:\/\/www.nycstpatricksparade.org\/\" target=\"_blank\" rel=\"noreferrer noopener\">D\u00eda de San Patricio<\/a>, patr\u00f3n de Irlanda, se celebra cada <strong>17 de marzo en Nueva York<\/strong>. La ciudad alberga la mayor comunidad de irlandeses de Estados Unidos, con casi 2 millones de irlandeses que se expatriaron a Nueva York a finales del siglo XIX, huyendo de la pobreza y la hambruna en Irlanda.<\/p>\n\n\n\n<p>El evento principal del d\u00eda es el desfile del D\u00eda de San Patricio, que se celebra desde 1762 y es el m\u00e1s grande y antiguo del mundo. Este desfile recorre la emblem\u00e1tica Quinta Avenida desde la calle 44 hasta la calle 79, con la participaci\u00f3n de m\u00e1s de 150,000 personas y la asistencia de aproximadamente dos millones de espectadores&nbsp;<\/p>\n\n\n\n<p>En <strong>2017,<\/strong> uno de los participantes fue <strong>Xuntanza de Catalunya<\/strong>, de la cual <strong>Casa Galega de L\u2019Hospitalet<\/strong> es integrante.<br><br><strong>Grupos Participantes en 2017<\/strong><\/p>\n\n\n\n<ul class=\"wp-block-list\">\n<li><strong>Xuntanza de Catalunya<\/strong><\/li>\n\n\n\n<li><strong>Banda de Gaitas \u2018Villa de Xix\u00f3n\u2019 de Asturias<\/strong><\/li>\n\n\n\n<li><strong>Departamento de Polic\u00eda de Nueva York (NYPD)<\/strong><\/li>\n\n\n\n<li><strong>Cuerpo de Bomberos de Nueva York (FDNY)<\/strong><\/li>\n\n\n\n<li><strong>Organizaciones culturales irlandesas<\/strong><\/li>\n\n\n\n<li><strong>Escuelas y asociaciones irlandesas de toda la regi\u00f3n<\/strong><\/li>\n<\/ul>\n\n\n\n<p>El Canal Time realiz\u00f3 una grabaci\u00f3n de todo el desfile. (A partir de 1h30m)<\/p>\n\n\n\n<p style=\"text-align: center;\"><iframe loading=\"lazy\" src=\"https:\/\/www.youtube.com\/embed\/W6LJ0eW2xJc\" width=\"560\" height=\"315\" frameborder=\"0\" allowfullscreen=\"allowfullscreen\"><\/iframe><\/p>\n\n\n\nngg_shortcode_0_placeholder\n\n\n\n<p>Pr\u00f3ximamente m\u00e1s informaci\u00f3n<\/p>\n","protected":false},"excerpt":{"rendered":"<p>El D\u00eda de San Patricio, patr\u00f3n de Irlanda, se celebra cada 17 de marzo en Nueva York. La ciudad alberga&hellip;<\/p>\n","protected":false},"author":1,"featured_media":0,"parent":64,"menu_order":4,"comment_status":"closed","ping_status":"closed","template":"","meta":{"ngg_post_thumbnail":0,"footnotes":""},"class_list":["post-6333","page","type-page","status-publish","hentry"],"_links":{"self":[{"href":"https:\/\/www.casagalega.com\/wp_cgh\/wp-json\/wp\/v2\/pages\/6333","targetHints":{"allow":["GET"]}}],"collection":[{"href":"https:\/\/www.casagalega.com\/wp_cgh\/wp-json\/wp\/v2\/pages"}],"about":[{"href":"https:\/\/www.casagalega.com\/wp_cgh\/wp-json\/wp\/v2\/types\/page"}],"author":[{"embeddable":true,"href":"https:\/\/www.casagalega.com\/wp_cgh\/wp-json\/wp\/v2\/users\/1"}],"replies":[{"embeddable":true,"href":"https:\/\/www.casagalega.com\/wp_cgh\/wp-json\/wp\/v2\/comments?post=6333"}],"version-history":[{"count":19,"href":"https:\/\/www.casagalega.com\/wp_cgh\/wp-json\/wp\/v2\/pages\/6333\/revisions"}],"predecessor-version":[{"id":7894,"href":"https:\/\/www.casagalega.com\/wp_cgh\/wp-json\/wp\/v2\/pages\/6333\/revisions\/7894"}],"up":[{"embeddable":true,"href":"https:\/\/www.casagalega.com\/wp_cgh\/wp-json\/wp\/v2\/pages\/64"}],"wp:attachment":[{"href":"https:\/\/www.casagalega.com\/wp_cgh\/wp-json\/wp\/v2\/media?parent=6333"}],"curies":[{"name":"wp","href":"https:\/\/api.w.org\/{rel}","templated":true}]}}

<p>El <a href="https://www.nycstpatricksparade.org/" target="_blank" rel="noreferrer noopener">Día de San Patricio</a>, patrón de Irlanda, se celebra cada <strong>17 de marzo en Nueva York</strong>. La ciudad alberga la mayor comunidad de irlandeses de Estados Unidos, con casi 2 millones de irlandeses que se expatriaron a Nueva York a finales del siglo XIX, huyendo de la pobreza y la hambruna en Irlanda.</p>



<p>El evento principal del día es el desfile del Día de San Patricio, que se celebra desde 1762 y es el más grande y antiguo del mundo. Este desfile recorre la emblemática Quinta Avenida desde la calle 44 hasta la calle 79, con la participación de más de 150,000 personas y la asistencia de aproximadamente dos millones de espectadores&nbsp;</p>



<p>En <strong>2017,</strong> uno de los participantes fue <strong>Xuntanza de Catalunya</strong>, de la cual <strong>Casa Galega de L’Hospitalet</strong> es integrante.<br><br><strong>Grupos Participantes en 2017</strong></p>



<ul class="wp-block-list">
<li><strong>Xuntanza de Catalunya</strong></li>



<li><strong>Banda de Gaitas ‘Villa de Xixón’ de Asturias</strong></li>



<li><strong>Departamento de Policía de Nueva York (NYPD)</strong></li>



<li><strong>Cuerpo de Bomberos de Nueva York (FDNY)</strong></li>



<li><strong>Organizaciones culturales irlandesas</strong></li>



<li><strong>Escuelas y asociaciones irlandesas de toda la región</strong></li>
</ul>



<p>El Canal Time realizó una grabación de todo el desfile. (A partir de 1h30m)</p>



<p style="text-align: center;"><iframe loading="lazy" src="https://www.youtube.com/embed/W6LJ0eW2xJc" width="560" height="315" frameborder="0" allowfullscreen="allowfullscreen"></iframe></p>



ngg_shortcode_0_placeholder



<p>Próximamente más información</p>

<p>El Día de San Patricio, patrón de Irlanda, se celebra cada 17 de marzo en Nueva York. La ciudad alberga&hellip;</p>
