{"id":576,"date":"2011-12-23T18:26:10","date_gmt":"2011-12-23T17:26:10","guid":{"rendered":"http:\/\/www.casagalega.com\/wp_cgh\/?page_id=576"},"modified":"2025-11-13T16:39:08","modified_gmt":"2025-11-13T15:39:08","slug":"2004-2","status":"publish","type":"page","link":"https:\/\/www.casagalega.com\/wp_cgh\/san-iago\/2004-2\/","title":{"rendered":"2004"},"content":{"rendered":"\n<p>Casa Galega vuelve a celebrar su tradicional Fiesta de San Iago durante los d\u00edas <strong>2, 3 y 4 de Julio<\/strong>. <br>Como viene siendo habitual, el parque de la Alhambra es el centro de reuniones de este particular evento y que, durante los tres d\u00edas estuvo repleto de gente.<br>Este a\u00f1o lo celebra con un doble concierto, <strong>Carlos N\u00fa\u00f1ez<\/strong> con una colaboraci\u00f3n con <strong>Anxo Lorenzo<\/strong> el viernes &nbsp;y <strong>Susana Seivane<\/strong> el domingo como fin de fiesta.<\/p>\n\n\n\n<div class=\"wp-block-image\"><figure class=\"aligncenter is-resized\"><img loading=\"lazy\" decoding=\"async\" src=\"http:\/\/www.casagalega.com\/images\/fotos\/san_iago\/2004\/P7030358.JPG\" alt=\"\" width=\"529\" height=\"397\"\/><\/figure><\/div>\n\n\n\n<p><strong>Carlos N\u00fa\u00f1ez <\/strong>uno de los gaiteros m\u00e1s internacionales y considerado uno de los mejores del mundo, fue el encargado de abrir la ya tradicional fiesta del parque de la Alhambra. Un evento muy esperado por toda la gente&nbsp;de l&#8217;Hospitalet y de Barcelona.<\/p>\n\n\n\n<p>Como es habitual la colaboraci\u00f3n con Casa Galega siempre ha sido muy buena y as\u00ed se demostr\u00f3 en el escenario cuando toda la banda de Gaitas interpret\u00f3 varias piezas de su actual disco. El grupo de cantareiras de <strong>Casa Galega<\/strong> tambi\u00e9n colabor\u00f3 en una noche m\u00e1gica.<\/p>\n\n\n\n<p>Tambi\u00e9n contamos con la colaboraci\u00f3n de otro gran gaitero como es Anxo Lorenzo, donde interpret\u00f3 un par de piezas y que a su vez fue acompa\u00f1ado por el centro Irland\u00e9s de Barcelona.&nbsp;<\/p>\n\n\n\n<p style=\"text-align: center;\"><iframe loading=\"lazy\" src=\"https:\/\/www.youtube.com\/embed\/LjufTKtoxj0\" width=\"560\" height=\"315\" frameborder=\"0\" allowfullscreen=\"allowfullscreen\"><\/iframe><\/p>\n\n\n\n<div class=\"wp-block-image\"><figure class=\"aligncenter is-resized\"><img loading=\"lazy\" decoding=\"async\" src=\"http:\/\/www.casagalega.com\/images\/fotos\/san_iago\/2004\/P7030397.JPG\" alt=\"\" width=\"582\" height=\"436\"\/><\/figure><\/div>\n\n\n\n<p>Durante el s\u00e1bado y el domingo se celebraron las ya tradicionales colaboraciones de todos los grupos que, a\u00f1o a a\u00f1o, participan en la Semana Cultural Galega, Andaluces, Extreme\u00f1os, Grupo Irland\u00e9s de Barcelona y otros centros gallegos de Barcelona.<\/p>\n\n\n\n<p>Con estas actuaciones,&nbsp;los productos gastron\u00f3micos que se ofrec\u00edan durante todo el fin de semana y las orquestas se consigui\u00f3 aliviar las calurosas noches del mes de Julio.<\/p>\n\n\n\n<figure class=\"wp-block-image\"><img loading=\"lazy\" decoding=\"async\" class=\"aligncenter\" src=\"http:\/\/www.casagalega.com\/images\/fotos\/san_iago\/2004\/P7030408.JPG\" alt=\"\" width=\"509\" height=\"382\"><\/figure>\n\n\n\n<p>Casa Galega realiz\u00f3 sus aportaciones durante todo el s\u00e1bado y el domingo, con grandes actuaciones, as\u00ed como la gran \u00abxuntanza\u00bb celebrada&nbsp;en domingo, donde reunimos a m\u00e1s de 300 personas y que en m\u00e1s de una ocasi\u00f3n terminamos ba\u00f1ados en agua.<\/p>\n\n\n\n<p>Es un evento esperados por todos ya que en pocas ocasiones conseguimos reunir a tanta gente.<\/p>\n\n\n\n<p>Despu\u00e9s de un fin de semana intenso, que mejor que rematarlo con otra gran artista de Galicia, en este caso con <strong>Susana Seivane<\/strong> que por estas fechas y despu\u00e9s de tres a\u00f1os de trabajo presentaba nuevo disco, Mares de tempo.<\/p>\n\n\n\n<p>Las colaboraciones con el grupo de<strong> Casa Galega<\/strong>, ya con ropa mas informal, dio un broche especial a esa noche.&nbsp;<\/p>\n\n\n\n<p>Un concierto que cerr\u00f3 un gran fin de semana y que seguro todos estar\u00e1 esperando a que llegue la pr\u00f3xima fiesta de San Iago, la de&nbsp;2005.<\/p>\n\n\n\n<div class=\"wp-block-image\"><figure class=\"aligncenter is-resized\"><img loading=\"lazy\" decoding=\"async\" src=\"http:\/\/www.casagalega.com\/images\/fotos\/san_iago\/2004\/P7040473.JPG\" alt=\"\" width=\"408\" height=\"544\"\/><\/figure><\/div>\n\n\n\n<p>Un resumen de la Fiesta de San Iago, secci\u00f3n Fotos<\/p>\n\n\n\nngg_shortcode_0_placeholder\n","protected":false},"excerpt":{"rendered":"<p>Casa Galega vuelve a celebrar su tradicional Fiesta de San Iago durante los d\u00edas 2, 3 y 4 de Julio.&hellip;<\/p>\n","protected":false},"author":1,"featured_media":0,"parent":125,"menu_order":21,"comment_status":"closed","ping_status":"closed","template":"","meta":{"ngg_post_thumbnail":0,"footnotes":""},"class_list":["post-576","page","type-page","status-publish","hentry"],"_links":{"self":[{"href":"https:\/\/www.casagalega.com\/wp_cgh\/wp-json\/wp\/v2\/pages\/576","targetHints":{"allow":["GET"]}}],"collection":[{"href":"https:\/\/www.casagalega.com\/wp_cgh\/wp-json\/wp\/v2\/pages"}],"about":[{"href":"https:\/\/www.casagalega.com\/wp_cgh\/wp-json\/wp\/v2\/types\/page"}],"author":[{"embeddable":true,"href":"https:\/\/www.casagalega.com\/wp_cgh\/wp-json\/wp\/v2\/users\/1"}],"replies":[{"embeddable":true,"href":"https:\/\/www.casagalega.com\/wp_cgh\/wp-json\/wp\/v2\/comments?post=576"}],"version-history":[{"count":57,"href":"https:\/\/www.casagalega.com\/wp_cgh\/wp-json\/wp\/v2\/pages\/576\/revisions"}],"predecessor-version":[{"id":6109,"href":"https:\/\/www.casagalega.com\/wp_cgh\/wp-json\/wp\/v2\/pages\/576\/revisions\/6109"}],"up":[{"embeddable":true,"href":"https:\/\/www.casagalega.com\/wp_cgh\/wp-json\/wp\/v2\/pages\/125"}],"wp:attachment":[{"href":"https:\/\/www.casagalega.com\/wp_cgh\/wp-json\/wp\/v2\/media?parent=576"}],"curies":[{"name":"wp","href":"https:\/\/api.w.org\/{rel}","templated":true}]}}

<p>Casa Galega vuelve a celebrar su tradicional Fiesta de San Iago durante los días <strong>2, 3 y 4 de Julio</strong>. <br>Como viene siendo habitual, el parque de la Alhambra es el centro de reuniones de este particular evento y que, durante los tres días estuvo repleto de gente.<br>Este año lo celebra con un doble concierto, <strong>Carlos Núñez</strong> con una colaboración con <strong>Anxo Lorenzo</strong> el viernes &nbsp;y <strong>Susana Seivane</strong> el domingo como fin de fiesta.</p>



<div class="wp-block-image"><figure class="aligncenter is-resized"><img loading="lazy" decoding="async" src="http://www.casagalega.com/images/fotos/san_iago/2004/P7030358.JPG" alt="" width="529" height="397"/></figure></div>



<p><strong>Carlos Núñez </strong>uno de los gaiteros más internacionales y considerado uno de los mejores del mundo, fue el encargado de abrir la ya tradicional fiesta del parque de la Alhambra. Un evento muy esperado por toda la gente&nbsp;de l&#8217;Hospitalet y de Barcelona.</p>



<p>Como es habitual la colaboración con Casa Galega siempre ha sido muy buena y así se demostró en el escenario cuando toda la banda de Gaitas interpretó varias piezas de su actual disco. El grupo de cantareiras de <strong>Casa Galega</strong> también colaboró en una noche mágica.</p>



<p>También contamos con la colaboración de otro gran gaitero como es Anxo Lorenzo, donde interpretó un par de piezas y que a su vez fue acompañado por el centro Irlandés de Barcelona.&nbsp;</p>



<p style="text-align: center;"><iframe loading="lazy" src="https://www.youtube.com/embed/LjufTKtoxj0" width="560" height="315" frameborder="0" allowfullscreen="allowfullscreen"></iframe></p>



<div class="wp-block-image"><figure class="aligncenter is-resized"><img loading="lazy" decoding="async" src="http://www.casagalega.com/images/fotos/san_iago/2004/P7030397.JPG" alt="" width="582" height="436"/></figure></div>



<p>Durante el sábado y el domingo se celebraron las ya tradicionales colaboraciones de todos los grupos que, año a año, participan en la Semana Cultural Galega, Andaluces, Extremeños, Grupo Irlandés de Barcelona y otros centros gallegos de Barcelona.</p>



<p>Con estas actuaciones,&nbsp;los productos gastronómicos que se ofrecían durante todo el fin de semana y las orquestas se consiguió aliviar las calurosas noches del mes de Julio.</p>



<figure class="wp-block-image"><img loading="lazy" decoding="async" class="aligncenter" src="http://www.casagalega.com/images/fotos/san_iago/2004/P7030408.JPG" alt="" width="509" height="382"></figure>



<p>Casa Galega realizó sus aportaciones durante todo el sábado y el domingo, con grandes actuaciones, así como la gran «xuntanza» celebrada&nbsp;en domingo, donde reunimos a más de 300 personas y que en más de una ocasión terminamos bañados en agua.</p>



<p>Es un evento esperados por todos ya que en pocas ocasiones conseguimos reunir a tanta gente.</p>



<p>Después de un fin de semana intenso, que mejor que rematarlo con otra gran artista de Galicia, en este caso con <strong>Susana Seivane</strong> que por estas fechas y después de tres años de trabajo presentaba nuevo disco, Mares de tempo.</p>



<p>Las colaboraciones con el grupo de<strong> Casa Galega</strong>, ya con ropa mas informal, dio un broche especial a esa noche.&nbsp;</p>



<p>Un concierto que cerró un gran fin de semana y que seguro todos estará esperando a que llegue la próxima fiesta de San Iago, la de&nbsp;2005.</p>



<div class="wp-block-image"><figure class="aligncenter is-resized"><img loading="lazy" decoding="async" src="http://www.casagalega.com/images/fotos/san_iago/2004/P7040473.JPG" alt="" width="408" height="544"/></figure></div>



<p>Un resumen de la Fiesta de San Iago, sección Fotos</p>



ngg_shortcode_0_placeholder

<p>Casa Galega vuelve a celebrar su tradicional Fiesta de San Iago durante los días 2, 3 y 4 de Julio.&hellip;</p>
