{"id":562,"date":"2011-12-23T18:23:09","date_gmt":"2011-12-23T17:23:09","guid":{"rendered":"http:\/\/www.casagalega.com\/wp_cgh\/?page_id=562"},"modified":"2025-11-13T16:39:12","modified_gmt":"2025-11-13T15:39:12","slug":"2009-2","status":"publish","type":"page","link":"https:\/\/www.casagalega.com\/wp_cgh\/san-iago\/2009-2\/","title":{"rendered":"2009"},"content":{"rendered":"\n<p><strong>3,4 y 5 de Julio<\/strong> fue el comienzo de la <strong>Semana\u00a0Cultural\u00a0Galega de\u00a0L&#8217;Hospitalet<\/strong> organizada\u00a0por la <strong>Casa Galega de Hospitalet<\/strong> del barrio de Santa Eul\u00e1lia. Despu\u00e9s del XX Aniversario de la entidad celebrado en el 2007 el 2009 inicia una nueva etapa. <br>La Semana Cultural Galega se concentra en 3 d\u00edas, de viernes a domingo. Es a\u00f1o se incorporan algunas novedades, con gran acogida por el p\u00fablico asistente.<\/p>\n\n\n\n<p>Viernes d\u00eda 3 de Julio se inicia con un concierto como ya es tradicional en la Semana Cultural Galega de Hospitalet. Este a\u00f1o se ha apostado, y muy bien por el grupo\u00a0<a href=\"https:\/\/www.youtube.com\/channel\/UCG36mPEgkTBTOQEoE3M5A1w\" data-type=\"URL\" data-id=\"https:\/\/www.youtube.com\/channel\/UCG36mPEgkTBTOQEoE3M5A1w\" target=\"_blank\" rel=\"noreferrer noopener\"><strong>Vaamonde, Lamas &amp; Romero<\/strong>.<\/a> Un grupo de reciente creaci\u00f3n y que en sus conciertos mezcla la m\u00fasica con peque\u00f1as muestras de humor resultando un concierto muy entretenido. Y as\u00ed fue&#8230;<\/p>\n\n\n\n<div class=\"wp-block-image\"><figure class=\"aligncenter is-resized\"><img loading=\"lazy\" decoding=\"async\" src=\"http:\/\/www.casagalega.com\/images\/fotos\/san_iago\/2009\/san_iago09_11.JPG\" alt=\"\" width=\"539\" height=\"359\"\/><\/figure><\/div>\n\n\n\n<p>Un concierto que fue seguido por una de las primeras novedades que <strong>Casa Galega<\/strong> ha incorporado este a\u00f1o, un Ser\u00e1n. Un Ser\u00e1n eran reuniones que se hac\u00edan en los cobertizos para que la gente cantara y bailara durante las largas noches de invierno.<\/p>\n\n\n\n<p>Muy popular durante los a\u00f1os 40-50, y ahora, gracias al trabajo de unos pocos, se est\u00e1 recuperando. Aprovechando la fiesta, <strong>Casa Galega<\/strong> ha querido ense\u00f1ar que es un Ser\u00e1n a toda la ciudad.<br><br>Durante el s\u00e1bado el parque ya estaba a pleno rendimiento, con diferentes muestras gastron\u00f3micas y la actuaci\u00f3n de varios grupos invitados de la ciudad de l&#8217;Hospitalet y de Barcelona. Batucada, andaluces, extreme\u00f1os,&#8230;. una muestra de cada una de las culturas que conviven en la ciudad.<br><br>Llegada la noche se ameniz\u00f3 con la <strong>orquesta Poceiro<\/strong>, donde su principal representante dec\u00eda: Un buena orquesta se mide por la cantidad de hierro entre sus m\u00fasicos&#8230; y la verdad, que fue una de las mejores orquestas que <strong>Casa Galega<\/strong> ha tra\u00eddo de los \u00faltimos a\u00f1os.\u00a0 <\/p>\n\n\n\n<p>Otra de las grandes sorpresas de la noche del s\u00e1bado fue la actuaci\u00f3n de la <strong><a href=\"https:\/\/es.wikipedia.org\/wiki\/Escola_de_gaitas_de_Ortigueira\" target=\"_blank\" rel=\"noreferrer noopener\">Banda de Gaitas de Ortigueira<\/a><\/strong>, banda que actu\u00f3 como intercambio, ya que Casa Galega &amp; Rosal\u00eda de Castro particip\u00f3 en el festival de Ortigueira de 2009.<\/p>\n\n\n\n<p>Durante una hora, la Banda de Gaitas de Ortigueira ofreci\u00f3 un gran repertorio de piezas.<\/p>\n\n\n\n<div class=\"wp-block-image\"><figure class=\"aligncenter is-resized\"><img loading=\"lazy\" decoding=\"async\" src=\"http:\/\/www.casagalega.com\/images\/fotos\/san_iago\/2009\/san_iago09_17.JPG\" alt=\"\" width=\"545\" height=\"363\"\/><\/figure><\/div>\n\n\n\n<p>Despu\u00e9s de ensayos y mucha preparaci\u00f3n, <strong>Casa Galega<\/strong> ofreci\u00f3 una gala al aire libre, donde se demostr\u00f3 todo el trabajo realizado durante todo el a\u00f1o, desde el trabajo de los m\u00e1s peque\u00f1os hasta los m\u00e1s mayores durante el domingo se celebraron la tradicional comida de socios en el parque, donde se pudo degustar un gran men\u00fa por un buen precio. <br><br>Como ya es costumbre, todo termin\u00f3 con una gran lluvia de agua por parte de todos. El d\u00eda as\u00ed lo agradec\u00eda. Tambi\u00e9n se pudieron disfrutar de los juegos tradicionales que se montan anualmente, y que animan las ma\u00f1anas de domingo en el parque de la Alhambra.<br><br>Nuestros reporteros de <strong>TV &#8211; Hospitalet<\/strong> pudieron recoger alguna de las actividades que se realizaron en s\u00e1bado y domingo.<\/p>\n\n\n<p style=\"text-align: center;\"><iframe loading=\"lazy\" src=\"https:\/\/www.youtube.com\/embed\/WZtmH50iKaw\" width=\"560\" height=\"315\" allowfullscreen=\"allowfullscreen\"><\/iframe><\/p>\n<p style=\"text-align: center;\"><iframe loading=\"lazy\" src=\"https:\/\/www.youtube.com\/embed\/CjqP2DwiHlc\" width=\"560\" height=\"315\" frameborder=\"0\" allowfullscreen=\"allowfullscreen\"><\/iframe><\/p>\n\n\n<p>Un fin de semana cargado de grandes momentos.<\/p>\n\n\n\nngg_shortcode_0_placeholder\n\n\n\n<p> Todos los participantes y colaboradores de <strong>Casa Galega<\/strong>, os invitan a participar en la edici\u00f3n de 2010. <\/p>\n\n\n\n<div class=\"wp-block-image\"><figure class=\"aligncenter is-resized\"><img loading=\"lazy\" decoding=\"async\" src=\"http:\/\/www.casagalega.com\/images\/fotos\/san_iago\/2009\/san_iago09_08.JPG\" alt=\"\" width=\"553\" height=\"415\"\/><\/figure><\/div>\n","protected":false},"excerpt":{"rendered":"<p>3,4 y 5 de Julio fue el comienzo de la Semana\u00a0Cultural\u00a0Galega de\u00a0L&#8217;Hospitalet organizada\u00a0por la Casa Galega de Hospitalet del barrio&hellip;<\/p>\n","protected":false},"author":1,"featured_media":0,"parent":125,"menu_order":16,"comment_status":"closed","ping_status":"closed","template":"","meta":{"ngg_post_thumbnail":0,"footnotes":""},"class_list":["post-562","page","type-page","status-publish","hentry"],"_links":{"self":[{"href":"https:\/\/www.casagalega.com\/wp_cgh\/wp-json\/wp\/v2\/pages\/562","targetHints":{"allow":["GET"]}}],"collection":[{"href":"https:\/\/www.casagalega.com\/wp_cgh\/wp-json\/wp\/v2\/pages"}],"about":[{"href":"https:\/\/www.casagalega.com\/wp_cgh\/wp-json\/wp\/v2\/types\/page"}],"author":[{"embeddable":true,"href":"https:\/\/www.casagalega.com\/wp_cgh\/wp-json\/wp\/v2\/users\/1"}],"replies":[{"embeddable":true,"href":"https:\/\/www.casagalega.com\/wp_cgh\/wp-json\/wp\/v2\/comments?post=562"}],"version-history":[{"count":53,"href":"https:\/\/www.casagalega.com\/wp_cgh\/wp-json\/wp\/v2\/pages\/562\/revisions"}],"predecessor-version":[{"id":6140,"href":"https:\/\/www.casagalega.com\/wp_cgh\/wp-json\/wp\/v2\/pages\/562\/revisions\/6140"}],"up":[{"embeddable":true,"href":"https:\/\/www.casagalega.com\/wp_cgh\/wp-json\/wp\/v2\/pages\/125"}],"wp:attachment":[{"href":"https:\/\/www.casagalega.com\/wp_cgh\/wp-json\/wp\/v2\/media?parent=562"}],"curies":[{"name":"wp","href":"https:\/\/api.w.org\/{rel}","templated":true}]}}

<p><strong>3,4 y 5 de Julio</strong> fue el comienzo de la <strong>Semana Cultural Galega de L&#8217;Hospitalet</strong> organizada por la <strong>Casa Galega de Hospitalet</strong> del barrio de Santa Eulália. Después del XX Aniversario de la entidad celebrado en el 2007 el 2009 inicia una nueva etapa. <br>La Semana Cultural Galega se concentra en 3 días, de viernes a domingo. Es año se incorporan algunas novedades, con gran acogida por el público asistente.</p>



<p>Viernes día 3 de Julio se inicia con un concierto como ya es tradicional en la Semana Cultural Galega de Hospitalet. Este año se ha apostado, y muy bien por el grupo <a href="https://www.youtube.com/channel/UCG36mPEgkTBTOQEoE3M5A1w" data-type="URL" data-id="https://www.youtube.com/channel/UCG36mPEgkTBTOQEoE3M5A1w" target="_blank" rel="noreferrer noopener"><strong>Vaamonde, Lamas &amp; Romero</strong>.</a> Un grupo de reciente creación y que en sus conciertos mezcla la música con pequeñas muestras de humor resultando un concierto muy entretenido. Y así fue&#8230;</p>



<div class="wp-block-image"><figure class="aligncenter is-resized"><img loading="lazy" decoding="async" src="http://www.casagalega.com/images/fotos/san_iago/2009/san_iago09_11.JPG" alt="" width="539" height="359"/></figure></div>



<p>Un concierto que fue seguido por una de las primeras novedades que <strong>Casa Galega</strong> ha incorporado este año, un Serán. Un Serán eran reuniones que se hacían en los cobertizos para que la gente cantara y bailara durante las largas noches de invierno.</p>



<p>Muy popular durante los años 40-50, y ahora, gracias al trabajo de unos pocos, se está recuperando. Aprovechando la fiesta, <strong>Casa Galega</strong> ha querido enseñar que es un Serán a toda la ciudad.<br><br>Durante el sábado el parque ya estaba a pleno rendimiento, con diferentes muestras gastronómicas y la actuación de varios grupos invitados de la ciudad de l&#8217;Hospitalet y de Barcelona. Batucada, andaluces, extremeños,&#8230;. una muestra de cada una de las culturas que conviven en la ciudad.<br><br>Llegada la noche se amenizó con la <strong>orquesta Poceiro</strong>, donde su principal representante decía: Un buena orquesta se mide por la cantidad de hierro entre sus músicos&#8230; y la verdad, que fue una de las mejores orquestas que <strong>Casa Galega</strong> ha traído de los últimos años.  </p>



<p>Otra de las grandes sorpresas de la noche del sábado fue la actuación de la <strong><a href="https://es.wikipedia.org/wiki/Escola_de_gaitas_de_Ortigueira" target="_blank" rel="noreferrer noopener">Banda de Gaitas de Ortigueira</a></strong>, banda que actuó como intercambio, ya que Casa Galega &amp; Rosalía de Castro participó en el festival de Ortigueira de 2009.</p>



<p>Durante una hora, la Banda de Gaitas de Ortigueira ofreció un gran repertorio de piezas.</p>



<div class="wp-block-image"><figure class="aligncenter is-resized"><img loading="lazy" decoding="async" src="http://www.casagalega.com/images/fotos/san_iago/2009/san_iago09_17.JPG" alt="" width="545" height="363"/></figure></div>



<p>Después de ensayos y mucha preparación, <strong>Casa Galega</strong> ofreció una gala al aire libre, donde se demostró todo el trabajo realizado durante todo el año, desde el trabajo de los más pequeños hasta los más mayores durante el domingo se celebraron la tradicional comida de socios en el parque, donde se pudo degustar un gran menú por un buen precio. <br><br>Como ya es costumbre, todo terminó con una gran lluvia de agua por parte de todos. El día así lo agradecía. También se pudieron disfrutar de los juegos tradicionales que se montan anualmente, y que animan las mañanas de domingo en el parque de la Alhambra.<br><br>Nuestros reporteros de <strong>TV &#8211; Hospitalet</strong> pudieron recoger alguna de las actividades que se realizaron en sábado y domingo.</p>


<p style="text-align: center;"><iframe loading="lazy" src="https://www.youtube.com/embed/WZtmH50iKaw" width="560" height="315" allowfullscreen="allowfullscreen"></iframe></p>
<p style="text-align: center;"><iframe loading="lazy" src="https://www.youtube.com/embed/CjqP2DwiHlc" width="560" height="315" frameborder="0" allowfullscreen="allowfullscreen"></iframe></p>


<p>Un fin de semana cargado de grandes momentos.</p>



ngg_shortcode_0_placeholder



<p> Todos los participantes y colaboradores de <strong>Casa Galega</strong>, os invitan a participar en la edición de 2010. </p>



<div class="wp-block-image"><figure class="aligncenter is-resized"><img loading="lazy" decoding="async" src="http://www.casagalega.com/images/fotos/san_iago/2009/san_iago09_08.JPG" alt="" width="553" height="415"/></figure></div>
