{"id":558,"date":"2011-12-23T18:22:32","date_gmt":"2011-12-23T17:22:32","guid":{"rendered":"http:\/\/www.casagalega.com\/wp_cgh\/?page_id=558"},"modified":"2025-11-13T16:39:12","modified_gmt":"2025-11-13T15:39:12","slug":"2011-2","status":"publish","type":"page","link":"https:\/\/www.casagalega.com\/wp_cgh\/san-iago\/2011-2\/","title":{"rendered":"2011"},"content":{"rendered":"\n<p>Este a\u00f1o, 1,2 y 3 de Julio dio comienzo la Semana Cultural Galega de L&#8217;Hospitalet, organizada por la <strong>Casa Galega de L&#8217;Hospitalet<\/strong> del barrio de Santa Eul\u00e1lia.<\/p>\n\n\n\n<p>Un a\u00f1o m\u00e1s, <strong>Casa Galega<\/strong>, acerca a todo el barrio de Santa Eul\u00e1lia, en particular, y a la ciudad de L&#8217;Hospitalet y Barcelona, un trozo de la historia de la cultura Gallega, sus tradiciones, sus costumbres, su calidad gastron\u00f3mica y como no una muestra de todo ello, gracias al esfuerzo de todos sus componentes y siempre arropados por otras entidades culturales que realizan los mismos esfuerzos.<\/p>\n\n\n\n<p>Una de las caracter\u00edsticas de la Fiesta de San Iago consiste en un concierto de alg\u00fan artista gallego. Este a\u00f1o se opt\u00f3 por 2 orquestas de gran nivel que consiguieron amenizar la noche del viernes, s\u00e1bado y domingo.<\/p>\n\n\n\n<p>Durante todo el fin de semana se realizaron muestra gastron\u00f3micas de Galicia, as\u00ed como entretenimientos para los m\u00e1s peque\u00f1os. De esta manera toda la familia puede disfrutar de todos los entretenimientos.<\/p>\n\n\n\n<p>Domingo comida de socios y nuestra particular fiesta del agua.<\/p>\n\n\n\n<p>La gran responsabilidad de nuestra fiesta recae principalmente en los que organizan la fiesta y en los que participan durante el d\u00eda a d\u00eda durante todo el a\u00f1o. Desde los m\u00e1s peque\u00f1os hasta los m\u00e1s veteranos&#8230; todos demuestran su espectacular trabajo a toda &nbsp;la ciudad<\/p>\n\n\n\n<p><strong>Os esperamos para el pr\u00f3ximo a\u00f1o.<\/strong><\/p>\n\n\n\nngg_shortcode_0_placeholder\n","protected":false},"excerpt":{"rendered":"<p>Este a\u00f1o, 1,2 y 3 de Julio dio comienzo la Semana Cultural Galega de L&#8217;Hospitalet, organizada por la Casa Galega&hellip;<\/p>\n","protected":false},"author":1,"featured_media":0,"parent":125,"menu_order":15,"comment_status":"closed","ping_status":"closed","template":"","meta":{"ngg_post_thumbnail":0,"footnotes":""},"class_list":["post-558","page","type-page","status-publish","hentry"],"_links":{"self":[{"href":"https:\/\/www.casagalega.com\/wp_cgh\/wp-json\/wp\/v2\/pages\/558","targetHints":{"allow":["GET"]}}],"collection":[{"href":"https:\/\/www.casagalega.com\/wp_cgh\/wp-json\/wp\/v2\/pages"}],"about":[{"href":"https:\/\/www.casagalega.com\/wp_cgh\/wp-json\/wp\/v2\/types\/page"}],"author":[{"embeddable":true,"href":"https:\/\/www.casagalega.com\/wp_cgh\/wp-json\/wp\/v2\/users\/1"}],"replies":[{"embeddable":true,"href":"https:\/\/www.casagalega.com\/wp_cgh\/wp-json\/wp\/v2\/comments?post=558"}],"version-history":[{"count":40,"href":"https:\/\/www.casagalega.com\/wp_cgh\/wp-json\/wp\/v2\/pages\/558\/revisions"}],"predecessor-version":[{"id":6045,"href":"https:\/\/www.casagalega.com\/wp_cgh\/wp-json\/wp\/v2\/pages\/558\/revisions\/6045"}],"up":[{"embeddable":true,"href":"https:\/\/www.casagalega.com\/wp_cgh\/wp-json\/wp\/v2\/pages\/125"}],"wp:attachment":[{"href":"https:\/\/www.casagalega.com\/wp_cgh\/wp-json\/wp\/v2\/media?parent=558"}],"curies":[{"name":"wp","href":"https:\/\/api.w.org\/{rel}","templated":true}]}}

<p>Este año, 1,2 y 3 de Julio dio comienzo la Semana Cultural Galega de L&#8217;Hospitalet, organizada por la <strong>Casa Galega de L&#8217;Hospitalet</strong> del barrio de Santa Eulália.</p>



<p>Un año más, <strong>Casa Galega</strong>, acerca a todo el barrio de Santa Eulália, en particular, y a la ciudad de L&#8217;Hospitalet y Barcelona, un trozo de la historia de la cultura Gallega, sus tradiciones, sus costumbres, su calidad gastronómica y como no una muestra de todo ello, gracias al esfuerzo de todos sus componentes y siempre arropados por otras entidades culturales que realizan los mismos esfuerzos.</p>



<p>Una de las características de la Fiesta de San Iago consiste en un concierto de algún artista gallego. Este año se optó por 2 orquestas de gran nivel que consiguieron amenizar la noche del viernes, sábado y domingo.</p>



<p>Durante todo el fin de semana se realizaron muestra gastronómicas de Galicia, así como entretenimientos para los más pequeños. De esta manera toda la familia puede disfrutar de todos los entretenimientos.</p>



<p>Domingo comida de socios y nuestra particular fiesta del agua.</p>



<p>La gran responsabilidad de nuestra fiesta recae principalmente en los que organizan la fiesta y en los que participan durante el día a día durante todo el año. Desde los más pequeños hasta los más veteranos&#8230; todos demuestran su espectacular trabajo a toda &nbsp;la ciudad</p>



<p><strong>Os esperamos para el próximo año.</strong></p>



ngg_shortcode_0_placeholder

<p>Este año, 1,2 y 3 de Julio dio comienzo la Semana Cultural Galega de L&#8217;Hospitalet, organizada por la Casa Galega&hellip;</p>
