{"id":468,"date":"2011-12-22T18:27:25","date_gmt":"2011-12-22T17:27:25","guid":{"rendered":"http:\/\/www.casagalega.com\/wp_cgh\/?page_id=468"},"modified":"2025-09-18T14:48:44","modified_gmt":"2025-09-18T13:48:44","slug":"banda-de-gatias","status":"publish","type":"page","link":"https:\/\/www.casagalega.com\/wp_cgh\/grupos\/banda-de-gatias\/","title":{"rendered":"Banda de gaitas"},"content":{"rendered":"\n<p><strong>Un poco de historia: Banda de la Casa Galega de L&#8217;Hospitalet<\/strong><\/p>\n\n\n\n<p>La <strong>Banda de la Casa Galega de L&#8217;Hospitalet<\/strong> se fund\u00f3 en 1987. Desde sus inicios, ha contado con la dedicaci\u00f3n de varios miembros, y algunos de ellos siguen formando parte de la banda hoy en d\u00eda, manteniendo vivo el esp\u00edritu y la tradici\u00f3n.<\/p>\n\n\n\n<h3 class=\"wp-block-heading\"><strong>Trayectoria y logros<\/strong><\/h3>\n\n\n\n<p>A lo largo de su historia, la banda ha participado en numerosos eventos importantes:<\/p>\n\n\n\n<ul class=\"wp-block-list\">\n<li><strong>Jornadas de la Galicia Exterior<\/strong>, organizadas por la Xunta de Galicia en m\u00faltiples ocasiones.<\/li>\n\n\n\n<li><strong>Competiciones internacionales<\/strong> de prestigio, como el Festival Interceltique de Guingamp en Francia y el Campeonato Mundial de Bandas de Gaitas en Glasgow, Escocia.<\/li>\n\n\n\n<li><strong>Diversos campeonatos locales<\/strong> y en diferentes eventos populares y tradicionales.<\/li>\n<\/ul>\n\n\n\n<p>Su andadura en el mundo de la competici\u00f3n profesional se intensific\u00f3 en el a\u00f1o <strong>2000<\/strong>, cuando comenzaron a participar en los campeonatos nacionales de bandas de gaitas en Galicia. Empezando en la tercera categor\u00eda, la banda fue ascendiendo con esfuerzo y talento, hasta alcanzar la <strong>primera categor\u00eda<\/strong>.<\/p>\n\n\n\n<h3 class=\"wp-block-heading\"><\/h3>\n\n\n<div class=\"wp-block-image\">\n<figure class=\"aligncenter is-resized\"><img decoding=\"async\" src=\"http:\/\/www.casagalega.com\/images\/fotos\/cgh\/grupos\/banda\/banda_02.jpg\" alt=\"\" style=\"width:521px;height:390px\"\/><\/figure>\n<\/div>\n\n\n<p>Un hito crucial en la historia de la banda ocurri\u00f3 entre <strong>2001 y 2004<\/strong> con la creaci\u00f3n de la <strong>Banda B<\/strong>. Este grupo, dise\u00f1ado como cantera para la Banda A, logr\u00f3 importantes premios, llegando a ser <strong>campeones de la categor\u00eda Novel<\/strong>. En ese mismo periodo, la <strong>Banda A<\/strong> se alz\u00f3 como <strong>campeona de segunda categor\u00eda<\/strong>, lo que les permiti\u00f3 entrar \u00abpor la puerta grande\u00bb a la m\u00e1xima categor\u00eda del circuito.<\/p>\n\n\n\n<h3 class=\"wp-block-heading\"><strong>Actuaciones hist\u00f3ricas<\/strong><\/h3>\n\n\n\n<p>En las siguientes im\u00e1genes podemos ver algunas de sus actuaciones. Las fotos muestran a la <strong>Casa Galega de L\u2019Hospitalet<\/strong> en sus inicios, cuando todav\u00eda se conoc\u00eda como <strong>Font-Trobada<\/strong>.<\/p>\n\n\n\n<p>\n\nCasa Galega de L&#8217;Hospitalet en sus inicios, con el nombre de Font-Trobada.\n\n<\/p>\n\n\n<div class=\"wp-block-image is-resized\">\n<figure class=\"aligncenter\"><img decoding=\"async\" src=\"http:\/\/www.casagalega.com\/images\/fotos\/cgh\/grupos\/banda\/banda_01.jpg\" alt=\"\"\/><\/figure>\n<\/div>\n\n\n<p>Participaci\u00f3n en el campeonato mundial de Bandas de Gaitas celebrado en Glasgow en 2006.<\/p>\n\n\n<div class=\"wp-block-image is-resized\">\n<figure class=\"aligncenter\"><img decoding=\"async\" src=\"http:\/\/www.casagalega.com\/images\/fotos\/cgh\/grupos\/banda\/banda_08.jpg\" alt=\"Bandas de Gaitas\"\/><\/figure>\n<\/div>\n\n\n<p>Una de las participaciones en el concurso de la federaci\u00f3n gallega en Catalu\u00f1a en 2001.<\/p>\n\n\n\n<p>\n\nTercera fase celebrada en Manzaneda de la liga de Bandas de Gaitas Gallegas en 2003.\n\n<\/p>\n\n\n<div class=\"wp-block-image is-resized\">\n<figure class=\"aligncenter\"><img decoding=\"async\" src=\"http:\/\/www.casagalega.com\/images\/fotos\/cgh\/grupos\/banda\/banda_16.jpg\" alt=\"Bandas de Gaitas\"\/><\/figure>\n<\/div>\n\n\n<p>\n\nParticipaci\u00f3n en las jornadas folcl\u00f3ricas de Guingamp &#8211; Francia en 1999.\n\n<\/p>\n\n\n<div class=\"wp-block-image is-resized\">\n<figure class=\"aligncenter\"><img decoding=\"async\" src=\"http:\/\/www.casagalega.com\/images\/fotos\/cgh\/grupos\/banda\/banda_12.jpg\" alt=\"\"\/><\/figure>\n<\/div>\n\n\n<p>\n\nInvitaci\u00f3n en el Palau de la Generalitat en el d\u00eda de las letras gallegas en 2001.\n\n<\/p>\n\n\n<div class=\"wp-block-image is-resized\">\n<figure class=\"aligncenter\"><img decoding=\"async\" src=\"http:\/\/www.casagalega.com\/images\/fotos\/cgh\/grupos\/banda\/banda_14.jpg\" alt=\"\"\/><\/figure>\n<\/div>\n\n\n<p>\n\nParticipaci\u00f3n en el IV d\u00eda de la Galicia exterior en Santiago en 2004.\n\n<\/p>\n\n\n<div class=\"wp-block-image is-resized\">\n<figure class=\"aligncenter\"><img decoding=\"async\" src=\"http:\/\/www.casagalega.com\/images\/fotos\/cgh\/grupos\/banda\/banda_15.jpg\" alt=\"\"\/><\/figure>\n<\/div>\n\n<div align=\"center\">\n<p style=\"text-align: left;\"><span style=\"font-size: inherit;\">En alguna ocasi\u00f3n la Banda de Casa Galega ha acompa\u00f1ado a artistas como Hevia, Cristina Pato, Milladoiro o Carlos N\u00fa\u00f1ez en alguna de sus actuaciones. La mas reciente en la Farga de L&#8217;Hospitalet en la celebraci\u00f3n del XX Aniversario Casa Galega de L&#8217;Hospitalet.<\/span><\/p>\n<p>&nbsp;<\/p>\n<\/div>\n<div>\n<p style=\"text-align: center;\"><iframe loading=\"lazy\" src=\"https:\/\/www.youtube.com\/embed\/qz9ge8M258o\" width=\"560\" height=\"315\" frameborder=\"0\" allowfullscreen=\"allowfullscreen\"><\/iframe><\/p>\n<div style=\"text-align: left;\">\n<p>En 2010, con la intenci\u00f3n de competir en el Campeonato Gallego de Bandas de Gaitas, las agrupaciones de <b>Rosal\u00eda de Castro de Cornell\u00e0<\/b>, <b>Toxos e Xestas de Barcelona<\/b>, <b>Agarimos de Badalona<\/b> y la <b>Casa Galega de L&#8217;Hospitalet<\/b> decidieron unirse. A ellas se sum\u00f3 tambi\u00e9n la <b>Asociaci\u00f3n Cultural Amigos de San Froil\u00e1n de Nou Barris<\/b>, creando as\u00ed la formaci\u00f3n conocida como <a href=\"https:\/\/www.casagalega.com\/wp_cgh\/grupos\/banda-xuntanza\/\" target=\"_blank\" rel=\"noopener\"><b>Banda Xuntanza de Catalunya<\/b><\/a>.<\/p>\n<p>A lo largo de los a\u00f1os, la composici\u00f3n de esta banda conjunta ha ido cambiando. En 2013, la banda <b>Toxos e Xestas<\/b> ya no formaba parte de la agrupaci\u00f3n, y en 2023, la <b>A.C. Rosal\u00eda de Castro de Cornell\u00e0<\/b> tampoco estaba integrada en el proyecto. A pesar de estos cambios, la banda ha mantenido su nombre y su misi\u00f3n, compitiendo y representando a la m\u00fasica tradicional gallega en Catalunya.<\/p>\n<\/div>\n<\/div>","protected":false},"excerpt":{"rendered":"<p>Un poco de historia: Banda de la Casa Galega de L&#8217;Hospitalet La Banda de la Casa Galega de L&#8217;Hospitalet se&hellip;<\/p>\n","protected":false},"author":1,"featured_media":0,"parent":459,"menu_order":2,"comment_status":"closed","ping_status":"open","template":"","meta":{"ngg_post_thumbnail":0,"footnotes":""},"class_list":["post-468","page","type-page","status-publish","hentry"],"_links":{"self":[{"href":"https:\/\/www.casagalega.com\/wp_cgh\/wp-json\/wp\/v2\/pages\/468","targetHints":{"allow":["GET"]}}],"collection":[{"href":"https:\/\/www.casagalega.com\/wp_cgh\/wp-json\/wp\/v2\/pages"}],"about":[{"href":"https:\/\/www.casagalega.com\/wp_cgh\/wp-json\/wp\/v2\/types\/page"}],"author":[{"embeddable":true,"href":"https:\/\/www.casagalega.com\/wp_cgh\/wp-json\/wp\/v2\/users\/1"}],"replies":[{"embeddable":true,"href":"https:\/\/www.casagalega.com\/wp_cgh\/wp-json\/wp\/v2\/comments?post=468"}],"version-history":[{"count":34,"href":"https:\/\/www.casagalega.com\/wp_cgh\/wp-json\/wp\/v2\/pages\/468\/revisions"}],"predecessor-version":[{"id":7725,"href":"https:\/\/www.casagalega.com\/wp_cgh\/wp-json\/wp\/v2\/pages\/468\/revisions\/7725"}],"up":[{"embeddable":true,"href":"https:\/\/www.casagalega.com\/wp_cgh\/wp-json\/wp\/v2\/pages\/459"}],"wp:attachment":[{"href":"https:\/\/www.casagalega.com\/wp_cgh\/wp-json\/wp\/v2\/media?parent=468"}],"curies":[{"name":"wp","href":"https:\/\/api.w.org\/{rel}","templated":true}]}}

<p><strong>Un poco de historia: Banda de la Casa Galega de L&#8217;Hospitalet</strong></p>



<p>La <strong>Banda de la Casa Galega de L&#8217;Hospitalet</strong> se fundó en 1987. Desde sus inicios, ha contado con la dedicación de varios miembros, y algunos de ellos siguen formando parte de la banda hoy en día, manteniendo vivo el espíritu y la tradición.</p>



<h3 class="wp-block-heading"><strong>Trayectoria y logros</strong></h3>



<p>A lo largo de su historia, la banda ha participado en numerosos eventos importantes:</p>



<ul class="wp-block-list">
<li><strong>Jornadas de la Galicia Exterior</strong>, organizadas por la Xunta de Galicia en múltiples ocasiones.</li>



<li><strong>Competiciones internacionales</strong> de prestigio, como el Festival Interceltique de Guingamp en Francia y el Campeonato Mundial de Bandas de Gaitas en Glasgow, Escocia.</li>



<li><strong>Diversos campeonatos locales</strong> y en diferentes eventos populares y tradicionales.</li>
</ul>



<p>Su andadura en el mundo de la competición profesional se intensificó en el año <strong>2000</strong>, cuando comenzaron a participar en los campeonatos nacionales de bandas de gaitas en Galicia. Empezando en la tercera categoría, la banda fue ascendiendo con esfuerzo y talento, hasta alcanzar la <strong>primera categoría</strong>.</p>



<h3 class="wp-block-heading"></h3>


<div class="wp-block-image">
<figure class="aligncenter is-resized"><img decoding="async" src="http://www.casagalega.com/images/fotos/cgh/grupos/banda/banda_02.jpg" alt="" style="width:521px;height:390px"/></figure>
</div>


<p>Un hito crucial en la historia de la banda ocurrió entre <strong>2001 y 2004</strong> con la creación de la <strong>Banda B</strong>. Este grupo, diseñado como cantera para la Banda A, logró importantes premios, llegando a ser <strong>campeones de la categoría Novel</strong>. En ese mismo periodo, la <strong>Banda A</strong> se alzó como <strong>campeona de segunda categoría</strong>, lo que les permitió entrar «por la puerta grande» a la máxima categoría del circuito.</p>



<h3 class="wp-block-heading"><strong>Actuaciones históricas</strong></h3>



<p>En las siguientes imágenes podemos ver algunas de sus actuaciones. Las fotos muestran a la <strong>Casa Galega de L’Hospitalet</strong> en sus inicios, cuando todavía se conocía como <strong>Font-Trobada</strong>.</p>



<p>

Casa Galega de L&#8217;Hospitalet en sus inicios, con el nombre de Font-Trobada.

</p>


<div class="wp-block-image is-resized">
<figure class="aligncenter"><img decoding="async" src="http://www.casagalega.com/images/fotos/cgh/grupos/banda/banda_01.jpg" alt=""/></figure>
</div>


<p>Participación en el campeonato mundial de Bandas de Gaitas celebrado en Glasgow en 2006.</p>


<div class="wp-block-image is-resized">
<figure class="aligncenter"><img decoding="async" src="http://www.casagalega.com/images/fotos/cgh/grupos/banda/banda_08.jpg" alt="Bandas de Gaitas"/></figure>
</div>


<p>Una de las participaciones en el concurso de la federación gallega en Cataluña en 2001.</p>



<p>

Tercera fase celebrada en Manzaneda de la liga de Bandas de Gaitas Gallegas en 2003.

</p>


<div class="wp-block-image is-resized">
<figure class="aligncenter"><img decoding="async" src="http://www.casagalega.com/images/fotos/cgh/grupos/banda/banda_16.jpg" alt="Bandas de Gaitas"/></figure>
</div>


<p>

Participación en las jornadas folclóricas de Guingamp &#8211; Francia en 1999.

</p>


<div class="wp-block-image is-resized">
<figure class="aligncenter"><img decoding="async" src="http://www.casagalega.com/images/fotos/cgh/grupos/banda/banda_12.jpg" alt=""/></figure>
</div>


<p>

Invitación en el Palau de la Generalitat en el día de las letras gallegas en 2001.

</p>


<div class="wp-block-image is-resized">
<figure class="aligncenter"><img decoding="async" src="http://www.casagalega.com/images/fotos/cgh/grupos/banda/banda_14.jpg" alt=""/></figure>
</div>


<p>

Participación en el IV día de la Galicia exterior en Santiago en 2004.

</p>


<div class="wp-block-image is-resized">
<figure class="aligncenter"><img decoding="async" src="http://www.casagalega.com/images/fotos/cgh/grupos/banda/banda_15.jpg" alt=""/></figure>
</div>

<div align="center">
<p style="text-align: left;"><span style="font-size: inherit;">En alguna ocasión la Banda de Casa Galega ha acompañado a artistas como Hevia, Cristina Pato, Milladoiro o Carlos Núñez en alguna de sus actuaciones. La mas reciente en la Farga de L&#8217;Hospitalet en la celebración del XX Aniversario Casa Galega de L&#8217;Hospitalet.</span></p>
<p>&nbsp;</p>
</div>
<div>
<p style="text-align: center;"><iframe loading="lazy" src="https://www.youtube.com/embed/qz9ge8M258o" width="560" height="315" frameborder="0" allowfullscreen="allowfullscreen"></iframe></p>
<div style="text-align: left;">
<p>En 2010, con la intención de competir en el Campeonato Gallego de Bandas de Gaitas, las agrupaciones de <b>Rosalía de Castro de Cornellà</b>, <b>Toxos e Xestas de Barcelona</b>, <b>Agarimos de Badalona</b> y la <b>Casa Galega de L&#8217;Hospitalet</b> decidieron unirse. A ellas se sumó también la <b>Asociación Cultural Amigos de San Froilán de Nou Barris</b>, creando así la formación conocida como <a href="https://www.casagalega.com/wp_cgh/grupos/banda-xuntanza/" target="_blank" rel="noopener"><b>Banda Xuntanza de Catalunya</b></a>.</p>
<p>A lo largo de los años, la composición de esta banda conjunta ha ido cambiando. En 2013, la banda <b>Toxos e Xestas</b> ya no formaba parte de la agrupación, y en 2023, la <b>A.C. Rosalía de Castro de Cornellà</b> tampoco estaba integrada en el proyecto. A pesar de estos cambios, la banda ha mantenido su nombre y su misión, compitiendo y representando a la música tradicional gallega en Catalunya.</p>
</div>
</div>
