{"id":2279,"date":"2017-06-21T23:41:30","date_gmt":"2017-06-21T22:41:30","guid":{"rendered":"http:\/\/www.casagalega.com\/wp_cgh\/?page_id=2279"},"modified":"2025-11-13T16:39:10","modified_gmt":"2025-11-13T15:39:10","slug":"2017-2","status":"publish","type":"page","link":"https:\/\/www.casagalega.com\/wp_cgh\/san-iago\/2017-2\/","title":{"rendered":"2017"},"content":{"rendered":"\n<p>En este a\u00f1o 2017, la Semana Cultural Gallega de la Casa Galega de L&#8217;Hospitalet tendr\u00eda una noche muy especial, una noche meiga! La noche de San Juan. Celebrado durante los d\u00edas 23-24 y 25 de Julio, la Fiesta de San Iago vuelve al Parque Metropolitano de Bellvitge.<\/p>\n\n\n\nngg_shortcode_0_placeholder\n\n\n<p>C\u00f3mo llegar, L1 Bellvitge o L1 Hospital de Bellvitge.<br>El cartel de artistas de este a\u00f1o es:<\/p>\n<p><img decoding=\"async\" title=\"Parque Bellvitge\" src=\"\/images\/fotos\/san_iago\/2017\/2017_programa.jpg\"><\/p>\n<p><img loading=\"lazy\" decoding=\"async\" title=\"Parque Bellvitge\" src=\"\/images\/fotos\/san_iago\/2013\/CGH_XXV_ZONA.jpg\" alt=\"\" width=\"785\" height=\"338\"><\/p>","protected":false},"excerpt":{"rendered":"<p>En este a\u00f1o 2017, la Semana Cultural Gallega de la Casa Galega de L&#8217;Hospitalet tendr\u00eda una noche muy especial, una&hellip;<\/p>\n","protected":false},"author":1,"featured_media":0,"parent":125,"menu_order":9,"comment_status":"closed","ping_status":"closed","template":"","meta":{"ngg_post_thumbnail":0,"footnotes":""},"class_list":["post-2279","page","type-page","status-publish","hentry"],"_links":{"self":[{"href":"https:\/\/www.casagalega.com\/wp_cgh\/wp-json\/wp\/v2\/pages\/2279","targetHints":{"allow":["GET"]}}],"collection":[{"href":"https:\/\/www.casagalega.com\/wp_cgh\/wp-json\/wp\/v2\/pages"}],"about":[{"href":"https:\/\/www.casagalega.com\/wp_cgh\/wp-json\/wp\/v2\/types\/page"}],"author":[{"embeddable":true,"href":"https:\/\/www.casagalega.com\/wp_cgh\/wp-json\/wp\/v2\/users\/1"}],"replies":[{"embeddable":true,"href":"https:\/\/www.casagalega.com\/wp_cgh\/wp-json\/wp\/v2\/comments?post=2279"}],"version-history":[{"count":8,"href":"https:\/\/www.casagalega.com\/wp_cgh\/wp-json\/wp\/v2\/pages\/2279\/revisions"}],"predecessor-version":[{"id":6905,"href":"https:\/\/www.casagalega.com\/wp_cgh\/wp-json\/wp\/v2\/pages\/2279\/revisions\/6905"}],"up":[{"embeddable":true,"href":"https:\/\/www.casagalega.com\/wp_cgh\/wp-json\/wp\/v2\/pages\/125"}],"wp:attachment":[{"href":"https:\/\/www.casagalega.com\/wp_cgh\/wp-json\/wp\/v2\/media?parent=2279"}],"curies":[{"name":"wp","href":"https:\/\/api.w.org\/{rel}","templated":true}]}}

<p>En este año 2017, la Semana Cultural Gallega de la Casa Galega de L&#8217;Hospitalet tendría una noche muy especial, una noche meiga! La noche de San Juan. Celebrado durante los días 23-24 y 25 de Julio, la Fiesta de San Iago vuelve al Parque Metropolitano de Bellvitge.</p>



ngg_shortcode_0_placeholder


<p>Cómo llegar, L1 Bellvitge o L1 Hospital de Bellvitge.<br>El cartel de artistas de este año es:</p>
<p><img decoding="async" title="Parque Bellvitge" src="/images/fotos/san_iago/2017/2017_programa.jpg"></p>
<p><img loading="lazy" decoding="async" title="Parque Bellvitge" src="/images/fotos/san_iago/2013/CGH_XXV_ZONA.jpg" alt="" width="785" height="338"></p>

<p>En este año 2017, la Semana Cultural Gallega de la Casa Galega de L&#8217;Hospitalet tendría una noche muy especial, una&hellip;</p>
