{"id":2277,"date":"2017-06-21T23:37:10","date_gmt":"2017-06-21T22:37:10","guid":{"rendered":"http:\/\/www.casagalega.com\/wp_cgh\/?page_id=2277"},"modified":"2025-11-13T16:39:10","modified_gmt":"2025-11-13T15:39:10","slug":"2016-2","status":"publish","type":"page","link":"https:\/\/www.casagalega.com\/wp_cgh\/san-iago\/2016-2\/","title":{"rendered":"2016"},"content":{"rendered":"\n<p>A\u00f1o 2016 y la Semana Cultural Gellega sigue instaurada en el parque Metropolitano de Bellvitge.<\/p>\n\n\n\n<p>Un resumen en im\u00e1genes del evento y pr\u00f3ximamente m\u00e1s detalles de la fiesta de San Iago.<\/p>\n\n\n\n<p>Alguna muestra de baile, en este caso del Grupo de Padres de CGH.<\/p>\n\n\n\n<p style=\"text-align: center;\"><iframe loading=\"lazy\" src=\"https:\/\/www.youtube.com\/embed\/P0Y0Kp0jT3g\" width=\"560\" height=\"315\" frameborder=\"0\" allowfullscreen=\"allowfullscreen\" data-mce-fragment=\"1\"><\/iframe><\/p>\n<div><hr><\/div>\n\n\n\nngg_shortcode_0_placeholder\n","protected":false},"excerpt":{"rendered":"<p>A\u00f1o 2016 y la Semana Cultural Gellega sigue instaurada en el parque Metropolitano de Bellvitge. Un resumen en im\u00e1genes del&hellip;<\/p>\n","protected":false},"author":1,"featured_media":0,"parent":125,"menu_order":10,"comment_status":"closed","ping_status":"closed","template":"","meta":{"ngg_post_thumbnail":0,"footnotes":""},"class_list":["post-2277","page","type-page","status-publish","hentry"],"_links":{"self":[{"href":"https:\/\/www.casagalega.com\/wp_cgh\/wp-json\/wp\/v2\/pages\/2277","targetHints":{"allow":["GET"]}}],"collection":[{"href":"https:\/\/www.casagalega.com\/wp_cgh\/wp-json\/wp\/v2\/pages"}],"about":[{"href":"https:\/\/www.casagalega.com\/wp_cgh\/wp-json\/wp\/v2\/types\/page"}],"author":[{"embeddable":true,"href":"https:\/\/www.casagalega.com\/wp_cgh\/wp-json\/wp\/v2\/users\/1"}],"replies":[{"embeddable":true,"href":"https:\/\/www.casagalega.com\/wp_cgh\/wp-json\/wp\/v2\/comments?post=2277"}],"version-history":[{"count":7,"href":"https:\/\/www.casagalega.com\/wp_cgh\/wp-json\/wp\/v2\/pages\/2277\/revisions"}],"predecessor-version":[{"id":7085,"href":"https:\/\/www.casagalega.com\/wp_cgh\/wp-json\/wp\/v2\/pages\/2277\/revisions\/7085"}],"up":[{"embeddable":true,"href":"https:\/\/www.casagalega.com\/wp_cgh\/wp-json\/wp\/v2\/pages\/125"}],"wp:attachment":[{"href":"https:\/\/www.casagalega.com\/wp_cgh\/wp-json\/wp\/v2\/media?parent=2277"}],"curies":[{"name":"wp","href":"https:\/\/api.w.org\/{rel}","templated":true}]}}

<p>Año 2016 y la Semana Cultural Gellega sigue instaurada en el parque Metropolitano de Bellvitge.</p>



<p>Un resumen en imágenes del evento y próximamente más detalles de la fiesta de San Iago.</p>



<p>Alguna muestra de baile, en este caso del Grupo de Padres de CGH.</p>



<p style="text-align: center;"><iframe loading="lazy" src="https://www.youtube.com/embed/P0Y0Kp0jT3g" width="560" height="315" frameborder="0" allowfullscreen="allowfullscreen" data-mce-fragment="1"></iframe></p>
<div><hr></div>



ngg_shortcode_0_placeholder

<p>Año 2016 y la Semana Cultural Gellega sigue instaurada en el parque Metropolitano de Bellvitge. Un resumen en imágenes del&hellip;</p>
